0312041 (base 6) to base 8.
12614371
What is 80504 (base 16) in base 8?
2002404
200551135 (base 7) to base 4
230112121030
Convert -ab4a0 (base 14) to base 6.
-12522312
What is 288b7 (base 14) in base 9?
162781
What is -2006330 (base 7) in base 15?
-4a59e
-10341475 (base 8) to base 4
-20130030331
What is -a487a (base 16) in base 15?
-d4a29
-244112 (base 11) to base 12
-167550
24563 (base 8) to base 3
112120000
What is -16732383 (base 9) in base 12?
-29949a9
What is -2404232 (base 5) in base 9?
-66711
What is 1229312 (base 10) in base 7?
13310000
-225582 (base 10) to base 6
-4500210
1000100111111011011010 (base 2) to base 9
4225076
What is 111100101000111111 (base 2) in base 7?
2053102
-372cc (base 16) to base 6
-4502140
What is -3021102014 (base 5) in base 11?
-3451a01
What is 1aaa41 (base 13) in base 3?
1021120122000
What is 15130433 (base 6) in base 2?
10000000001011110101
Convert -36e16a (base 15) to base 7.
-31231015
What is -268cb (base 13) in base 10?
-71823
Convert 1c4cb45 (base 13) to base 15.
c62834
Convert 1100010101100101110 (base 2) to base 9.
675488
3e3da (base 15) to base 9
334317
21514 (base 15) to base 6
2133401
Convert 3a0732 (base 12) to base 16.
e9216
-7177125 (base 8) to base 2
-111001111111001010101
Convert -13520245 (base 6) to base 2.
-1110000101010100101
-1434110 (base 6) to base 16
-1427a
What is 905a1 (base 12) in base 5?
21444330
-196830 (base 14) to base 3
-1200210211011
280727 (base 11) to base 14
b6562
Convert -10314114 (base 5) to base 4.
-111221103
Convert 11000111110000000010101 (base 2) to base 4.
120332000111
What is -1035403445 (base 6) in base 15?
-ead5de
-b9324 (base 14) to base 12
-197244
Convert -6b5a7a (base 13) to base 14.
-4a702d
Convert -2345221 (base 6) to base 3.
-20020201011
Convert -46c58a (base 13) to base 15.
-233dc6
What is 5f0ed (base 16) in base 8?
1370355
What is -1011000100011100 (base 2) in base 5?
-2422330
Convert -426034 (base 7) to base 15.
-16e5d
Convert -2003201030 (base 4) to base 7.
-4402361
What is -2234321 (base 11) in base 5?
-2000233412
What is -385c9 (base 13) in base 4?
-121131031
What is 11b1a10 (base 13) in base 2?
10101000010101110001101
What is 217039 (base 10) in base 8?
647717
What is -555255 (base 8) in base 13?
-671a9
102110010012 (base 3) to base 6
4455135
What is -3b7824 (base 13) in base 4?
-11200233023
1210112002 (base 3) to base 10
35372
Convert 37016057 (base 8) to base 10.
8133679
-34423214 (base 5) to base 9
-523621
What is -11cd91 (base 14) in base 3?
-1011002021212
2304422412 (base 5) to base 3
100200212222000
Convert 2056645 (base 7) to base 4.
330331120
Convert -470300 (base 10) to base 12.
-1a81b8
Convert a6c0d5 (base 15) to base 9.
15838142
What is 231195 (base 10) in base 8?
703433
What is 12303202 (base 4) in base 13?
c8c2
Convert -2430a58 (base 12) to base 4.
-122310203210
22ae (base 15) to base 11
5595
What is 133440301 (base 5) in base 8?
2475547
7483858 (base 10) to base 5
3403440413
-864c0c (base 15) to base 16
-619452
Convert 203562 (base 14) to base 16.
108e12
Convert -24904 (base 15) to base 5.
-12214104
2411134 (base 5) to base 13
17376
Convert -34c98b (base 13) to base 6.
-42531215
What is 126547 (base 8) in base 6?
541303
What is -4924006 (base 10) in base 11?
-286352a
-20035140 (base 6) to base 9
-1050806
What is -563132 (base 8) in base 2?
-101110011001011010
12112326 (base 7) to base 12
440446
-32424311 (base 5) to base 11
-181376
What is -356438 (base 13) in base 15?
-1a170e
11339 (base 10) to base 4
2301023
-13fffb (base 16) to base 6
-44032043
What is 220211021011 (base 3) in base 16?
774af
What is 3e160a (base 15) in base 9?
5558641
Convert 25121420 (base 8) to base 13.
11c2916
What is -19029 (base 11) in base 7?
-140462
-18530 (base 15) to base 3
-11000002100
4094991 (base 11) to base 13
165c48a
Convert -1202242 (base 5) to base 2.
-101011010110101
Convert 47612751 (base 8) to base 5.
10132111313
-1146526 (base 7) to base 8
-435717
What is -56416c (base 15) in base 10?
-4114452
-1222200 (base 4) to base 6
-51320
Convert 1023331 (base 5) to base 10.
17341
Convert 64700 (base 11) to base 2.
10110111101000001
What is -101110011011110 (base 2) in base 16?
-5cde
What is -38359 (base 13) in base 14?
-29bb2
-2713176 (base 8) to base 16
-b967e
What is 10011110001101101 (base 2) in base 15?
19005
Convert -785556 (base 14) to base 10.
-4086872
What is 1554757 (base 10) in base 13?
425899
What is 3594363 (base 10) in base 7?
42360123
What is 202001011222210 (base 3) in base 15?
e062cc
133422165 (base 7) to base 5
4204124224
547692 (base 12) to base 14
26c58a
-50035 (base 9) to base 4
-20001011
Convert 3010461 (base 7) to base 11.
223181
186726 (base 10) to base 9
314123
Convert -1111111110001000100 (base 2) to base 14.
-d8a0c
Convert 2c414 (base 14) to base 6.
2211510
Convert 16a642 (base 11) to base 7.
2143463
Convert -3559371 (base 11) to base 10.
-6205563
Convert 671e4 (base 15) to base 10.
327814
Convert 430364 (base 7) to base 13.
27c74
Convert 11100000111010101111001 (base 2) to base 11.
41842a6
What is 17512c (base 14) in base 3?
1112200210000
Convert -a1d22a (base 14) to base 5.
-2343442013
107a75 (base 11) to base 13
60198
What is -469368 (base 12) in base 8?
-4252300
3064234 (base 7) to base 13
cbb6c
Convert 204752 (base 9) to base 8.
355434
What is 724833 (base 10) in base 11?
45563a
-2027314 (base 9) to base 6
-35102151
What is 10011101110001111 (base 2) in base 13?
2aa01
What is -1e833 (base 15) in base 12?
-49863
Convert -360216 (base 9) to base 16.
-34e72
20232203 (base 4) to base 16
8ba3
3042341 (base 5) to base 15
eaeb
2100121 (base 7) to base 3
110210220121
Convert -5c0632 (base 15) to base 10.
-4405772
Convert -6714530 (base 9) to base 13.
-996024
100001001010000001001011 (base 2) to base 7
133610326
-21012120212 (base 3) to base 16
-22a1e
What is 3664532 (base 10) in base 12?
1288818
762a9 (base 11) to base 14
2c56a
Convert -8ee58 (base 16) to base 13.
-176545
What is -2797c (base 14) in base 12?
-487b6
1100000011111100100 (base 2) to base 10
395236
Convert -bec5c (base 15) to base 16.
-942c0
What is 1228a (base 16) in base 13?
27b15
-22611173 (base 8) to base 6
-253241243
-34770566 (base 8) to base 4
-130333011312
What is 1226146 (base 8) in base 5?
41322141
-14b40 (base 14) to base 11
-35853
Convert -100110110101010010 (base 2) to base 11.
-a9559
-5244021 (base 6) to base 12
-103611
What is 310032312 (base 4) in base 12?
a3986
What is 8f485 (base 16) in base 7?
4663015
-1085165 (base 10) to base 14
-20367b
What is -30d46 (base 14) in base 10?
-117858
-3307142 (base 8) to base 5
-211412133
368910 (base 11) to base 16
8e45b
What is 1110202102100 (base 3) in base 12?
318a23
What is -814307 (base 13) in base 6?
-144250515
-12002121101 (base 3) to base 7
-565315
Convert 79370 (base 12) to base 15.
32b80
-8e574e (base 15) to base 10
-6802274
-100111110101110110 (base 2) to base 9
-267762
1111020 (base 4) to base 6
41120
What is -3410544 (base 7) in base 8?
-1471705
Convert -10110110000011100 (base 2) to base 11.
-64039
What is 48bb6 (base 16) in base 6?
10215114
What is -45423255 (base 7) in base 16?
-3c5b9e
What is -4a6832 (base 13) in base 6?
-102133313
-2024676 (base 10) to base 13
-55b744
Convert -214a145 (base 11) to base 7.
-44045244
-530110154 (base 6) to base 8
-43214466
-4061164 (base 9) to base 4
-20100303232
What is 21212022012222 (base 3) in base 13?
b34074
What is 20783 (base 12) in base 16?
a653
What is -12322030 (base 9) in base 7?
-102214230
What is -61246324 (base 8) in base 13?
-28a9555
What is -26c7a2 (base 13) in base 14?
-1a7235
What is 143a74 (base 13) in base 6?
14330345
Convert 330444552 (base 6) to base 15.
7bcd65
What is -196a760 (base 12) in base 9?
-11081760
Convert 35015240 (base 6) to base 5.
233404220
Convert 1010222121102120 (base 3) to base 12.
56215b0
What is -11269b (base 16) in base 12?
-462563
What is 180041 (base 9) in base 12?
5469a
-14002304 (base 5) to base 12
-696a2
-120121010211 (base 3) to base 15
-60e77
Convert 101110100111010001 (base 2) to base 15.
3b889
2226b65 (base 12) to base 4
120320203331
-2676a (base 11) to base 16
-952f
What is -113582 (base 9) in base 16?
-10ab4
-2231211233 (base 4) to base 3
-1100010100012
-924d1 (base 16) to base 6
-20502145
1030241434 (base 5) to bas